 124874 and 551.
29
Calculate the greatest common divisor of 2561 and 2.
1
What is the greatest common factor of 2259990 and 540?
90
Calculate the greatest common divisor of 6622 and 172.
86
What is the highest common factor of 60453 and 3537?
27
What is the greatest common factor of 11571 and 8816?
551
What is the greatest common factor of 7464 and 48?
24
What is the highest common divisor of 14658130 and 115?
115
What is the greatest common divisor of 262565 and 1870?
85
Calculate the greatest common divisor of 884 and 39988.
52
Calculate the greatest common factor of 12286937 and 106.
53
What is the greatest common divisor of 2367 and 21210687?
2367
What is the highest common divisor of 43 and 614642?
43
What is the greatest common factor of 13455 and 90?
45
Calculate the highest common factor of 2025 and 127035.
135
Calculate the greatest common divisor of 79 and 2251.
1
What is the greatest common factor of 46230 and 69?
69
What is the highest common factor of 452439 and 351?
351
Calculate the greatest common divisor of 1034 and 7553370.
1034
What is the greatest common divisor of 44 and 987954?
22
What is the greatest common factor of 3512 and 568?
8
Calculate the greatest common divisor of 90 and 66465.
45
What is the greatest common factor of 252 and 84546?
126
What is the greatest common divisor of 80288 and 2912?
416
Calculate the greatest common divisor of 1221 and 555.
111
What is the greatest common divisor of 345316 and 12314?
262
Calculate the greatest common factor of 3256 and 21608.
296
Calculate the greatest common factor of 282 and 10481.
47
What is the highest common divisor of 23372 and 4?
4
Calculate the highest common divisor of 24 and 53576.
8
Calculate the highest common factor of 22833 and 14319.
387
Calculate the greatest common divisor of 72709 and 39.
13
Calculate the greatest common divisor of 94 and 1076582.
94
What is the greatest common divisor of 310297 and 221?
13
Calculate the highest common divisor of 72 and 27568.
8
Calculate the greatest common factor of 11750 and 1222.
94
Calculate the greatest common factor of 18 and 424287.
9
What is the highest common factor of 319824 and 32?
16
Calculate the greatest common divisor of 2900 and 3828.
116
What is the highest common factor of 41700 and 2950?
50
Calculate the highest common divisor of 513 and 486552.
57
Calculate the greatest common divisor of 321524 and 644.
28
What is the greatest common factor of 38144 and 212?
4
What is the greatest common divisor of 1072683 and 779?
779
Calculate the greatest common divisor of 112746 and 19.
19
What is the highest common factor of 54 and 258696?
18
What is the highest common factor of 6624 and 1335840?
2208
Calculate the greatest common divisor of 30 and 142965.
15
What is the highest common divisor of 1265 and 7475?
115
What is the greatest common divisor of 610 and 74470?
10
Calculate the greatest common divisor of 1420 and 17380.
20
Calculate the greatest common divisor of 58059 and 18.
9
Calculate the highest common divisor of 192 and 113856.
192
Calculate the greatest common factor of 396 and 1749.
33
What is the greatest common divisor of 9137126 and 527?
527
Calculate the highest common divisor of 4958 and 1998.
74
What is the greatest common divisor of 113 and 43?
1
Calculate the highest common factor of 2216734 and 78.
26
Calculate the highest common factor of 11682 and 1548.
18
What is the highest common divisor of 4927 and 82622?
379
What is the greatest common factor of 284704 and 217?
217
Calculate the greatest common divisor of 58432 and 35552.
352
Calculate the greatest common divisor of 14877 and 488737.
551
What is the highest common factor of 22172 and 72?
4
What is the greatest common divisor of 167374 and 318?
106
Calculate the highest common factor of 218425 and 100.
25
What is the greatest common factor of 191026 and 2742?
914
Calculate the greatest common factor of 64 and 723040.
32
Calculate the greatest common factor of 775 and 271025.
25
What is the highest common factor of 15 and 9084?
3
Calculate the highest common factor of 3344 and 6061.
209
Calculate the highest common divisor of 195 and 42855.
15
Calculate the greatest common divisor of 92 and 97267.
23
Calculate the highest common divisor of 25 and 39005.
5
Calculate the greatest common divisor of 20511 and 17649.
477
Calculate the highest common divisor of 235700 and 200.
100
What is the greatest common factor of 149184 and 432?
144
Calculate the greatest common factor of 70488 and 1177.
11
Calculate the greatest common divisor of 1330 and 2204.
38
Calculate the highest common factor of 559 and 1560.
13
Calculate the highest common divisor of 591 and 121549.
197
What is the highest common factor of 22 and 439802?
22
What is the greatest common divisor of 561035 and 40?
5
What is the greatest common divisor of 110424 and 473?
43
What is the highest common divisor of 1814 and 22?
2
What is the highest common factor of 23584 and 15840?
352
What is the highest common divisor of 66 and 34?
2
Calculate the highest common factor of 25893 and 49.
7
Calculate the greatest common divisor of 123684 and 220.
44
Calculate the greatest common factor of 187500 and 12.
12
What is the greatest common divisor of 66 and 150348?
66
Calculate the greatest common factor of 19737 and 1247817.
2193
What is the greatest common divisor of 378 and 2408?
14
Calculate the greatest common factor of 45 and 609.
3
Calculate the greatest common divisor of 522720 and 1782.
594
What is the highest common divisor of 22517 and 82236?
979
What is the greatest common factor of 477354 and 102?
6
Calculate the highest common divisor of 1544 and 13096.
8
Calculate the highest common divisor of 2323 and 3151.
23
What is the highest common divisor of 172 and 1009124?
172
Calculate the greatest common divisor of 1176 and 160944.
168
Calculate the greatest common factor of 6648 and 720.
24
Calculate the highest common divisor of 780 and 84600.
60
What is the highest common divisor of 6744 and 48?
24
What is the greatest common factor of 4150 and 15?
5
Calculate the highest common factor of 672 and 29736.
168
Calculate the greatest common divisor of 112 and 206248.
56
What is the highest common factor of 3388 and 3881801?
847
What is the highest common factor of 9959 and 345?
23
What is the greatest common factor of 1678510 and 530?
530
What is the greatest common divisor of 6896372 and 2982?
994
Calculate the greatest common factor of 718 and 150421.
359
Calculate the greatest common factor of 808 and 299364.
404
What is the greatest common divisor of 104363 and 3808?
119
Calculate the greatest common divisor of 95478 and 54.
6
What is the highest common factor of 37620 and 385?
55
Calculate the greatest common divisor of 4004469 and 63.
63
What is the highest common divisor of 1798 and 43413?
29
Calculate the greatest common factor of 3774216 and 12.
12
What is the highest common factor of 2244 and 6987?
51
Calculate the greatest common divisor of 37506 and 1386.
42
What is the greatest common factor of 169646 and 6886?
626
What is the greatest common divisor of 568 and 17892?
284
Calculate the greatest common divisor of 677034 and 522.
522
What is the highest common factor of 243420 and 30?
30
Calculate the greatest common divisor of 154438 and 74.
74
Calculate the highest common factor of 66742 and 78.
26
What is the greatest common divisor of 132 and 17754?
66
What is the greatest common divisor of 9 and 36681?
3
Calculate the highest common divisor of 51 and 58827.
3
Calculate the highest common divisor of 238 and 25041.
17
Calculate the greatest common divisor of 489758 and 426.
142
Calculate the highest common factor of 580 and 889140.
580
What is the highest common divisor of 994014 and 874?
46
What is the highest common factor of 10206 and 12096?
378
Calculate the highest common divisor of 4 and 34642.
2
What is the greatest common divisor of 2019173 and 127?
127
Calculate the greatest common divisor of 3317 and 38413.
107
Calculate the greatest common divisor of 762 and 213.
3
Calculate the greatest common factor of 7410 and 26980.
190
What is the greatest common factor of 89982 and 36?
18
What is the highest common factor of 1362 and 2250?
6
What is the highest 